
Let d(u) = u**3 - 8*u**2 - u - 6. Let c = -464 - -473. What is the units digit of d(c)?
6
Let j be (-48)/14*(-546)/117. Suppose -40 = -k + j. What is the units digit of k?
6
Let r(t) = 7*t - 231. Let x be r(33). Suppose g + 480 - 2455 = x. What is the thousands digit of g?
1
Suppose 0 = -5*u - 2*n + 12 + 297, 0 = 5*u + 5*n - 315. Let k(o) = o**2 + 13*o - 13. Let r be k(-12). Let h = u + r. What is the units digit of h?
6
Suppose 4*f = -4*i + 38476, -i + 11775 = 4*f + 2147. What is the tens digit of i?
1
What is the hundreds digit of (10 - 0)*9279/(-3)*6/(-10)?
5
Let f(y) = -y + 13. Let s be f(14). Let l be -3 + s + 1 + 0. What is the tens digit of l/((-6)/214) - (-1)/(-1)?
0
Suppose 13*g = 17*g - 4. Let q be (-1 - 1)/((-115)/(-125) - g). What is the tens digit of (3*(-10)/q)/((-6)/80)?
1
Let l = -6 + 16. Suppose -l*r = -15*r + 1035. Let a = r - 136. What is the tens digit of a?
7
Let y(v) = 14*v**2 + 97*v - 1747. What is the units digit of y(25)?
8
Let a be (-3 + (-48)/(-14))*7. Suppose -3*p + 8 = p, -4*p - 574 = a*i. What is the units digit of i/(2 + 0 + -4)?
7
Suppose -228832 - 1032470 = -125*c - 138927. What is the thousands digit of c?
8
Let o = -123 + 245. Let s = o + -41. Let z = s - 58. What is the tens digit of z?
2
Let k = 35776 - 15268. What is the hundreds digit of k?
5
Let m = -10659 + 29525. What is the units digit of m?
6
Suppose 0 = 5*u + 5*w - 690, 5*u + 2*w = -64 + 760. What is the thousands digit of 3/(-5) - 196/u - -1482?
1
Let x(u) = 22*u**2 - 2*u + 18. Let a = -455 - -459. What is the units digit of x(a)?
2
Suppose 6 = 2*p, 5*h + p + 0*p + 12 = 0. Let q be 20/(-5) + 13 + h. What is the units digit of (-99)/(-6)*q*1?
9
Let r = 409 - 292. Let o = 35 - r. Let h = o + 252. What is the units digit of h?
0
Let u(g) = g**3 - 33*g**2 - 36*g + 72. Let f be u(34). Let x = -11 - -8. What is the units digit of (f/6)/(x + (-651)/(-216))?
8
Suppose 0 = -4*r - 30 + 150. Let x be (r/25)/(1/(-15)). Let j = 35 + x. What is the units digit of j?
7
Let f = -8684 + 22547. What is the hundreds digit of f?
8
Let n(q) = 48*q**3 + 25*q**2 - 118*q - 15. What is the tens digit of n(5)?
2
Let x(j) = 3*j**2 + 8*j - 1. Let m(p) = 4*p**2 + 8*p - 1. Let q(i) = -2*m(i) + 3*x(i). What is the units digit of q(20)?
9
Let u = 15220 + -7994. What is the hundreds digit of u?
2
Let f = 80 + -28. Let n = f + -43. Let j(g) = 3*g**2 - 18*g + 1. What is the tens digit of j(n)?
8
Let h be (-2)/8*-4 + 13. Suppose r - 23 = -4*g, 4*g + h = 5*r - 29. Suppose 800 + 322 = r*d. What is the units digit of d?
2
Let h(q) = -7296*q - 486. What is the tens digit of h(-2)?
0
Suppose -4*s + m = -167458 - 128172, 5*s + 2*m = 369518. What is the hundreds digit of s?
9
Let m = -2374 + 3344. What is the hundreds digit of m?
9
Let u(l) = 2*l**2 + 6*l - 4. Let d be u(1). Suppose 4*t = 0, 742 = 5*h - d*h + 3*t. What is the hundreds digit of h?
7
Let h be 162/5 - 18/45. Suppose -36*i = -h*i - 700. What is the units digit of i?
5
Let o = 160 + 590. Let q = o + -435. What is the hundreds digit of q?
3
Let a(r) = -8*r - 25. Let x be a(4). Let q be 14*x/63*-6. Let p = q - -86. What is the tens digit of p?
6
Let i be (5 + 3)*((-383)/(-4))/1. Let p = 1182 - i. What is the tens digit of p?
1
Suppose -2*u = -18, -5*y + 2*u + 164621 = -19386. What is the thousands digit of y?
6
What is the thousands digit of (-15 - 506/(-33)) + (4313/3 - -2)?
1
Suppose -4 = 5*q - 14. Suppose -34 = -q*f - 2*w, -2*w + 14 + 38 = 3*f. Let n(b) = b. What is the units digit of n(f)?
8
Let m(r) = -r**2 + 33*r + 11. Let n be m(33). Suppose 13329 = n*k - 2533. What is the units digit of k?
2
Suppose -5*s + 4104 = 323*n - 319*n, -2*n + 2078 = -4*s. What is the tens digit of n?
3
Suppose -i - 5*r + 6691 = 0, r - 5*r = 2*i - 13346. What is the thousands digit of i?
6
Let m be 8/2*-5*1/(-5). Let g = -3 + 11. Suppose 2*p + 2*l = 18 + g, 0 = -4*l + m. What is the units digit of p?
2
Suppose -25*o + 9 + 66 = 0. Suppose w - 4*g - 571 = 486, -g = -o*w + 3149. What is the thousands digit of w?
1
Let v(a) = -23*a + 18. Suppose -9*q - 12 = -13*q. Suppose z = -3, 4 = s + q*z + 17. What is the hundreds digit of v(s)?
1
Suppose 7*s + 202 = 1945. Let n = 464 - s. What is the hundreds digit of n?
2
Let f = 21479 + -14127. What is the hundreds digit of f?
3
Suppose 6*z + 131 = -3187. Let v = z - -906. What is the tens digit of v?
5
Let y(b) = -b**3 - 10*b**2 + 19*b + 15. Let m be y(-17). Suppose 13*r = 8*r + m. What is the tens digit of r?
4
Let i = 6511 + -3874. What is the hundreds digit of i?
6
Suppose 0 = 2521*v - 2492*v - 35322. What is the tens digit of v?
1
Let m = -450 - -789. What is the tens digit of (m/(-4))/(39/(-104))?
2
Let x(l) be the first derivative of 5*l**4/2 - 4*l**3/3 - 23*l**2/2 + 6*l + 112. What is the units digit of x(4)?
0
Suppose -4*q = 3*s - 56, -23 = -2*q - 3*s + 5. Suppose -39 = -5*j - q. Suppose -2*f - j*f = -161. What is the units digit of f?
3
Suppose -2*x = -2, -x + 4 = 4*z - 5*x. Suppose -2*h = 2*a + 78, h + 2*a - 30 = z*h. What is the tens digit of (-6)/(h/21)*14?
4
What is the ten thousands digit of ((8151/9)/(-11))/((-2)/258)?
1
Let x(q) = q**2 + 5*q - 10. Let k be x(-8). Suppose 5*z + 126 = k*z. Suppose 9*v - z*v + 120 = 0. What is the units digit of v?
4
Suppose -r - 2*j = -27883, 3*j - 39233 - 16531 = -2*r. What is the tens digit of r?
7
Let u be 1/(2/(-5))*(-7048)/(-10). Let d = -488 - u. What is the thousands digit of d?
1
Let j(r) be the second derivative of r**3/2 - 6*r**2 - 9*r. Let t be j(9). Suppose 0 = -t*k + 2743 + 932. What is the hundreds digit of k?
2
Let w(d) = -51*d**3 + 4*d**2 - 9*d + 22. Let v be w(4). What is the units digit of v/(-16) - (-7)/56?
1
Suppose 2*o - 22 = -2*w, 0 = 5*o - 5. Suppose 0 = 4*s - a, s + 3*a - w = 3*s. What is the hundreds digit of ((-9)/s)/(-2 + (-140)/(-72))?
1
What is the units digit of (-12)/36*-16*4731?
2
Suppose -z = 4*u - 2*z - 1292, 0 = z - 4. Let b = u - -313. What is the tens digit of b?
3
What is the units digit of (60 + -119 + 832)/(6/5 + -1)?
5
What is the hundreds digit of ((-1152288)/2592)/(1/(-9))?
0
Let s be (1/3)/(4/9708). Let x = -66 + s. Suppose -4*u + 5*d = -x, 2*u - 349 = 2*d - 7*d. What is the units digit of u?
2
Let t(i) = i + 15. Let a be t(7). Let k = 98 + a. Suppose 5*m - k = -3*u + 2*m, 0 = -3*m - 12. What is the tens digit of u?
4
Let p(t) = -297*t - 45 - 456*t - 354*t. What is the tens digit of p(-1)?
6
What is the hundreds digit of (-4 - 0)/((-42)/139335)?
2
Let x = 163 - 161. Suppose -68 = -x*j + 142. What is the units digit of j?
5
Let f(l) = -12 + 60 + 1 - 7*l + 0*l. Let k be f(7). Let w(h) = -2*h**2 - h + 108. What is the tens digit of w(k)?
0
Let a(r) = -r**2 - 3*r + 12. Let g be a(-3). Suppose -g = -6*n + 6. Suppose -68 = n*v - 563. What is the hundreds digit of v?
1
Let r = 10437 - -9206. What is the tens digit of r?
4
Let k(c) = -2*c + 7. Let t be k(0). Suppose -3*n + 961 = -4*l, -5*n - 626 = -t*n - l. Let v = n + -163. What is the hundreds digit of v?
1
Suppose -147780 + 44194 = -14*v. What is the tens digit of v?
9
Let h be ((-7)/(84/(-1698)))/((-2)/(-4)). Suppose -3*g + 425 = -h. What is the units digit of g?
6
Let t(k) = -3*k**3 - 4*k**2 + 25*k + 258. What is the hundreds digit of t(-17)?
4
What is the thousands digit of (39/2 - 3)/(2 - (-7395)/(-3706))?
3
What is the thousands digit of 5/(350/6383804) + (-18)/15?
1
Suppose -3*h = -3482 - 3454. Let y = h - 936. What is the thousands digit of y?
1
Suppose 0 = -29*x - 41126 - 5390. Let a = -476 - x. What is the hundreds digit of a?
1
Let f(i) = -162*i + 64. Let n be f(-16). Suppose -2*w + 6*g - 8*g + 1072 = 0, 5*w - g - n = 0. What is the hundreds digit of w?
5
Let f = -238 - -143. Let j = -85 - f. Suppose -v + j = -153. What is the units digit of v?
3
Let i = -11 - -26. Let u be 745/25 + 3/i. Suppose o - u = -2. What is the tens digit of o?
2
Let v = -20227 + 29296. What is the thousands digit of v?
9
Let z(s) = -5 + 6 + 16*s**2 - 3 + 9 - 1. What is the hundreds digit of z(7)?
7
Let k(r) = 13*r - 113. Let o be k(9). Suppose 2*h = -o*x + 1190, -4*h + 890 = 9*x - 6*x. What is the tens digit of x?
9
Let l be (-40)/(25/(-5)) - 6. What is the units digit of (28 - 29)/(l/(-194))?
7
Let s(g) = -6*g - 34. Let p be s(-8). Suppose -p*n + 3*n + 2420 = 0. What is the units dig